{"id":65,"date":"2022-10-24T12:33:28","date_gmt":"2022-10-24T12:33:28","guid":{"rendered":"https:\/\/psychotherapiepraxis-kreuzlingen.ch\/?page_id=65"},"modified":"2024-02-16T12:32:21","modified_gmt":"2024-02-16T12:32:21","slug":"berufliche-erfahrung-ausbildung","status":"publish","type":"page","link":"https:\/\/psychotherapiepraxis-kreuzlingen.ch\/?page_id=65","title":{"rendered":"Berufliche Erfahrung &#038; Ausbildung"},"content":{"rendered":"<p>[et_pb_section fb_built=&#8220;1&#8243; custom_padding_last_edited=&#8220;on|tablet&#8220; admin_label=&#8220;Sektion&#8220; module_class=&#8220;section-2-ps-3&#8243; _builder_version=&#8220;4.18.0&#8243; _module_preset=&#8220;default&#8220; overflow-x=&#8220;hidden&#8220; overflow-y=&#8220;hidden&#8220; custom_margin=&#8220;0px||0px||false|false&#8220; custom_padding=&#8220;80px||0px||false|false&#8220; custom_padding_tablet=&#8220;120px||120px||false|false&#8220; custom_padding_phone=&#8220;90px||90px||false|false&#8220; locked=&#8220;off&#8220; collapsed=&#8220;off&#8220; global_colors_info=&#8220;{}&#8220;][et_pb_row column_structure=&#8220;2_3,1_3&#8243; use_custom_gutter=&#8220;on&#8220; gutter_width=&#8220;1&#8243; _builder_version=&#8220;4.18.0&#8243; _module_preset=&#8220;default&#8220; width=&#8220;90%&#8220; max_width=&#8220;1290px&#8220; custom_margin=&#8220;0px||0px||false|false&#8220; custom_padding=&#8220;0px||0px||false|false&#8220; global_colors_info=&#8220;{}&#8220;][et_pb_column type=&#8220;2_3&#8243; _builder_version=&#8220;4.18.0&#8243; _module_preset=&#8220;default&#8220; custom_padding=&#8220;|30px|||false|false&#8220; custom_padding_tablet=&#8220;|0px|||false|false&#8220; custom_padding_phone=&#8220;|0px|||false|false&#8220; custom_padding_last_edited=&#8220;on|tablet&#8220; global_colors_info=&#8220;{}&#8220;][et_pb_text _builder_version=&#8220;4.18.0&#8243; _module_preset=&#8220;default&#8220; header_3_font=&#8220;Manrope|800|||||||&#8220; header_3_text_align=&#8220;left&#8220; header_3_text_color=&#8220;#312b35&#8243; header_3_font_size=&#8220;14px&#8220; header_3_letter_spacing=&#8220;1.8px&#8220; custom_margin=&#8220;0px||8px||false|false&#8220; custom_margin_tablet=&#8220;0px||0px||false|false&#8220; custom_margin_phone=&#8220;0px||0px||false|false&#8220; custom_margin_last_edited=&#8220;off|desktop&#8220; custom_padding=&#8220;0px||0px||false|false&#8220; animation_direction=&#8220;bottom&#8220; global_colors_info=&#8220;{}&#8220;]<\/p>\n<h3>SILVIA POHL<\/h3>\n<p>[\/et_pb_text][et_pb_text _builder_version=&#8220;4.18.0&#8243; _module_preset=&#8220;default&#8220; header_2_font=&#8220;Jost|600|||||||&#8220; header_2_text_align=&#8220;left&#8220; header_2_text_color=&#8220;#312b35&#8243; header_2_font_size=&#8220;53px&#8220; header_2_letter_spacing=&#8220;-1px&#8220; header_2_line_height=&#8220;1.1em&#8220; max_width=&#8220;700px&#8220; custom_margin=&#8220;0px||31px||false|false&#8220; custom_padding=&#8220;0px|0px|0px||false|false&#8220; header_2_font_size_tablet=&#8220;53px&#8220; header_2_font_size_phone=&#8220;30px&#8220; header_2_font_size_last_edited=&#8220;on|phone&#8220; header_2_line_height_tablet=&#8220;1.1em&#8220; header_2_line_height_phone=&#8220;1.2em&#8220; header_2_line_height_last_edited=&#8220;on|phone&#8220; global_colors_info=&#8220;{}&#8220;]<\/p>\n<h2>Berufliche Erfahrung &amp; Ausbildung<\/h2>\n<p>[\/et_pb_text][\/et_pb_column][et_pb_column type=&#8220;1_3&#8243; _builder_version=&#8220;4.18.0&#8243; _module_preset=&#8220;default&#8220; custom_padding=&#8220;|||30px|false|false&#8220; custom_padding_tablet=&#8220;|||0px|false|false&#8220; custom_padding_phone=&#8220;|||0px|false|false&#8220; custom_padding_last_edited=&#8220;on|tablet&#8220; global_colors_info=&#8220;{}&#8220;][\/et_pb_column][\/et_pb_row][\/et_pb_section][et_pb_section fb_built=&#8220;1&#8243; _builder_version=&#8220;4.18.0&#8243; _module_preset=&#8220;default&#8220; min_height=&#8220;552.9px&#8220; custom_padding=&#8220;3px|||||&#8220; global_colors_info=&#8220;{}&#8220;][et_pb_row _builder_version=&#8220;4.18.0&#8243; _module_preset=&#8220;default&#8220; global_colors_info=&#8220;{}&#8220;][et_pb_column type=&#8220;4_4&#8243; _builder_version=&#8220;4.18.0&#8243; _module_preset=&#8220;default&#8220; global_colors_info=&#8220;{}&#8220;][et_pb_text _builder_version=&#8220;4.19.4&#8243; _module_preset=&#8220;default&#8220; global_colors_info=&#8220;{}&#8220;]<\/p>\n<h2><strong><span style=\"font-size: medium;\">Berufliche Erfahrung<\/span><\/strong><\/h2>\n<p><span style=\"font-size: medium;\"><strong>Seit <span>01.07.2022 <\/span><\/strong>Selbstst\u00e4ndige\u00a0<span>T\u00e4tigkeit als Psychotherapeutin<\/span><\/span><span style=\"font-size: medium;\"><strong><br \/>2019 &#8211; 2023<\/strong> <span>Psychiatriezentrum Frauenfeld, Externer Psychiatrischer Dienst, Clienia Littenheid AG<\/span><\/span><br \/><span style=\"font-size: medium;\"><strong>2021 &#8211; 2022<\/strong> <span>Delegierte Psychotherapie in der Praxis f\u00fcr Psychiatrie und Psychotherapie proPsych, Kreuzlingen<\/span><\/span><br \/><span style=\"font-size: medium;\"><strong>2017 \u2013 2019<\/strong> <span>Privatklinik f\u00fcr Psychiatrie und Psychotherapie, Clienia Littenheid AG, Psychotherapiestation<\/span><\/span><br \/><span style=\"font-size: medium;\"><strong>2015 \u2013 2017<\/strong> Privatklinik f\u00fcr Psychiatrie und Psychotherapie, Clienia Littenheid AG, Spezialstation f\u00fcr Traumafolgest\u00f6rungen<\/span><br \/><span style=\"font-size: medium;\"><strong>2010 \u2013 2015<\/strong> Perspektive Thurgau, Suchtberatung, Einzel- Paar- und Familientherapie, Behandlung von Menschen mit Traumafolgest\u00f6rungen<\/span><br \/><span style=\"font-size: medium;\"><strong>2005 \u2013 2010<\/strong> Soziale Fachstellen Toggenburg, Suchtberatung, Einzel-, Paar- und Familientherapie<\/span><br \/><span style=\"font-size: medium;\"><strong>2004 \u2013 2005<\/strong> Zentrum f\u00fcr Suchttherapie Start Again, Z\u00fcrich, Einzel- und Gruppentherapie<\/span><br \/><span style=\"font-size: medium;\"><strong>2001 \u2013 2004<\/strong> Kantonale Psychiatrische Klinik Wil, Therapiestation f\u00fcr Abh\u00e4ngige illegaler und legaler Suchtmittel<\/span><\/p>\n<h4><span style=\"font-size: medium;\"><\/span><\/h4>\n<h4><span style=\"font-size: medium;\"><\/span><\/h4>\n<h4><span style=\"font-size: medium;\"><\/span><\/h4>\n<h2><strong><span style=\"font-size: medium;\">Ausbildung<\/span><\/strong><\/h2>\n<p><span style=\"font-size: medium;\"><strong>2020<\/strong> Weiterbildung in Narrativer Expositionstherapie an der Universit\u00e4t Konstanz<\/span><br \/><span style=\"font-size: medium;\"><strong>Seit 2017<\/strong> Fortlaufende Weiterbildung in Schematherapie am Institut f\u00fcr Schematherapie Ostschweiz und an der Universit\u00e4ren Psychiatrischen Klinik Basel<\/span><br \/><span style=\"font-size: medium;\"><strong>2013 \u2013 2019<\/strong> Weiterbildung in Eye Movement Desensitization and Reprocessing (EMDR) am EMDR- Institut Schweiz, Schaffhausen<\/span><br \/><span style=\"font-size: medium;\"><strong>2012 \u2013 2014<\/strong> Weiterbildung zur Fachpsychotherapeutin Psychotraumatologie am Schweizer Institut f\u00fcr Psychotraumatologie (SIPT) in Winterthur<\/span><br \/><span style=\"font-size: medium;\"><strong>2013<\/strong> Erwerb des Fachtitels Eidgen\u00f6ssisch anerkannte Psychotherapeutin\/ Fachpsychologin f\u00fcr Psychotherapie (FSP)<\/span><br \/><span style=\"font-size: medium;\"><strong>2006 &#8211; 2010<\/strong> Weiterbildung in Systemischer Therapie und Beratung am Institut f\u00fcr systemische Entwicklung und Weiterbildung (IEF) in Z\u00fcrich<\/span><br \/><span style=\"font-size: medium;\"><strong>2001 \u2013 2003<\/strong> Dialektisch Behaviorale Therapie der Borderline-Pers\u00f6nlichkeitsst\u00f6rung nach Marsha Linehan (DBT) bei der Arbeitsgemeinschaft Wissenschaftliche Psychotherapie (AWP), Freiburg in Deutschland<\/span><br \/><span style=\"font-size: medium;\"><strong>1999 \u2013 1999<\/strong> Weiterbildung in Neurolinguistischem Programmieren (NLP) an der Kom. Akademie in Saarbr\u00fccken in Deutschland<\/span><br \/><span style=\"font-size: medium;\"><strong>1994 \u2013 2000<\/strong> Studium der Psychologie an der Universit\u00e4t Konstanz<\/span><\/p>\n<p>[\/et_pb_text][\/et_pb_column][\/et_pb_row][\/et_pb_section]<\/p>\n","protected":false},"excerpt":{"rendered":"<p>SILVIA POHLBerufliche Erfahrung &amp; AusbildungBerufliche Erfahrung Seit 01.07.2022 Selbstst\u00e4ndige\u00a0T\u00e4tigkeit als Psychotherapeutin2019 &#8211; 2023 Psychiatriezentrum Frauenfeld, Externer Psychiatrischer Dienst, Clienia Littenheid AG2021 &#8211; 2022 Delegierte Psychotherapie in der Praxis f\u00fcr Psychiatrie und Psychotherapie proPsych, Kreuzlingen2017 \u2013 2019 Privatklinik f\u00fcr Psychiatrie und Psychotherapie, Clienia Littenheid AG, Psychotherapiestation2015 \u2013 2017 Privatklinik f\u00fcr Psychiatrie und Psychotherapie, Clienia Littenheid AG, [&hellip;]<\/p>\n","protected":false},"author":1,"featured_media":0,"parent":0,"menu_order":0,"comment_status":"closed","ping_status":"closed","template":"","meta":{"_et_pb_use_builder":"on","_et_pb_old_content":"","_et_gb_content_width":"","footnotes":""},"class_list":["post-65","page","type-page","status-publish","hentry"],"_links":{"self":[{"href":"https:\/\/psychotherapiepraxis-kreuzlingen.ch\/index.php?rest_route=\/wp\/v2\/pages\/65","targetHints":{"allow":["GET"]}}],"collection":[{"href":"https:\/\/psychotherapiepraxis-kreuzlingen.ch\/index.php?rest_route=\/wp\/v2\/pages"}],"about":[{"href":"https:\/\/psychotherapiepraxis-kreuzlingen.ch\/index.php?rest_route=\/wp\/v2\/types\/page"}],"author":[{"embeddable":true,"href":"https:\/\/psychotherapiepraxis-kreuzlingen.ch\/index.php?rest_route=\/wp\/v2\/users\/1"}],"replies":[{"embeddable":true,"href":"https:\/\/psychotherapiepraxis-kreuzlingen.ch\/index.php?rest_route=%2Fwp%2Fv2%2Fcomments&post=65"}],"version-history":[{"count":14,"href":"https:\/\/psychotherapiepraxis-kreuzlingen.ch\/index.php?rest_route=\/wp\/v2\/pages\/65\/revisions"}],"predecessor-version":[{"id":24673,"href":"https:\/\/psychotherapiepraxis-kreuzlingen.ch\/index.php?rest_route=\/wp\/v2\/pages\/65\/revisions\/24673"}],"wp:attachment":[{"href":"https:\/\/psychotherapiepraxis-kreuzlingen.ch\/index.php?rest_route=%2Fwp%2Fv2%2Fmedia&parent=65"}],"curies":[{"name":"wp","href":"https:\/\/api.w.org\/{rel}","templated":true}]}}

<p>[et_pb_section fb_built=&#8220;1&#8243; custom_padding_last_edited=&#8220;on|tablet&#8220; admin_label=&#8220;Sektion&#8220; module_class=&#8220;section-2-ps-3&#8243; _builder_version=&#8220;4.18.0&#8243; _module_preset=&#8220;default&#8220; overflow-x=&#8220;hidden&#8220; overflow-y=&#8220;hidden&#8220; custom_margin=&#8220;0px||0px||false|false&#8220; custom_padding=&#8220;80px||0px||false|false&#8220; custom_padding_tablet=&#8220;120px||120px||false|false&#8220; custom_padding_phone=&#8220;90px||90px||false|false&#8220; locked=&#8220;off&#8220; collapsed=&#8220;off&#8220; global_colors_info=&#8220;{}&#8220;][et_pb_row column_structure=&#8220;2_3,1_3&#8243; use_custom_gutter=&#8220;on&#8220; gutter_width=&#8220;1&#8243; _builder_version=&#8220;4.18.0&#8243; _module_preset=&#8220;default&#8220; width=&#8220;90%&#8220; max_width=&#8220;1290px&#8220; custom_margin=&#8220;0px||0px||false|false&#8220; custom_padding=&#8220;0px||0px||false|false&#8220; global_colors_info=&#8220;{}&#8220;][et_pb_column type=&#8220;2_3&#8243; _builder_version=&#8220;4.18.0&#8243; _module_preset=&#8220;default&#8220; custom_padding=&#8220;|30px|||false|false&#8220; custom_padding_tablet=&#8220;|0px|||false|false&#8220; custom_padding_phone=&#8220;|0px|||false|false&#8220; custom_padding_last_edited=&#8220;on|tablet&#8220; global_colors_info=&#8220;{}&#8220;][et_pb_text _builder_version=&#8220;4.18.0&#8243; _module_preset=&#8220;default&#8220; header_3_font=&#8220;Manrope|800|||||||&#8220; header_3_text_align=&#8220;left&#8220; header_3_text_color=&#8220;#312b35&#8243; header_3_font_size=&#8220;14px&#8220; header_3_letter_spacing=&#8220;1.8px&#8220; custom_margin=&#8220;0px||8px||false|false&#8220; custom_margin_tablet=&#8220;0px||0px||false|false&#8220; custom_margin_phone=&#8220;0px||0px||false|false&#8220; custom_margin_last_edited=&#8220;off|desktop&#8220; custom_padding=&#8220;0px||0px||false|false&#8220; animation_direction=&#8220;bottom&#8220; global_colors_info=&#8220;{}&#8220;]</p>
<h3>SILVIA POHL</h3>
<p>[/et_pb_text][et_pb_text _builder_version=&#8220;4.18.0&#8243; _module_preset=&#8220;default&#8220; header_2_font=&#8220;Jost|600|||||||&#8220; header_2_text_align=&#8220;left&#8220; header_2_text_color=&#8220;#312b35&#8243; header_2_font_size=&#8220;53px&#8220; header_2_letter_spacing=&#8220;-1px&#8220; header_2_line_height=&#8220;1.1em&#8220; max_width=&#8220;700px&#8220; custom_margin=&#8220;0px||31px||false|false&#8220; custom_padding=&#8220;0px|0px|0px||false|false&#8220; header_2_font_size_tablet=&#8220;53px&#8220; header_2_font_size_phone=&#8220;30px&#8220; header_2_font_size_last_edited=&#8220;on|phone&#8220; header_2_line_height_tablet=&#8220;1.1em&#8220; header_2_line_height_phone=&#8220;1.2em&#8220; header_2_line_height_last_edited=&#8220;on|phone&#8220; global_colors_info=&#8220;{}&#8220;]</p>
<h2>Berufliche Erfahrung &amp; Ausbildung</h2>
<p>[/et_pb_text][/et_pb_column][et_pb_column type=&#8220;1_3&#8243; _builder_version=&#8220;4.18.0&#8243; _module_preset=&#8220;default&#8220; custom_padding=&#8220;|||30px|false|false&#8220; custom_padding_tablet=&#8220;|||0px|false|false&#8220; custom_padding_phone=&#8220;|||0px|false|false&#8220; custom_padding_last_edited=&#8220;on|tablet&#8220; global_colors_info=&#8220;{}&#8220;][/et_pb_column][/et_pb_row][/et_pb_section][et_pb_section fb_built=&#8220;1&#8243; _builder_version=&#8220;4.18.0&#8243; _module_preset=&#8220;default&#8220; min_height=&#8220;552.9px&#8220; custom_padding=&#8220;3px|||||&#8220; global_colors_info=&#8220;{}&#8220;][et_pb_row _builder_version=&#8220;4.18.0&#8243; _module_preset=&#8220;default&#8220; global_colors_info=&#8220;{}&#8220;][et_pb_column type=&#8220;4_4&#8243; _builder_version=&#8220;4.18.0&#8243; _module_preset=&#8220;default&#8220; global_colors_info=&#8220;{}&#8220;][et_pb_text _builder_version=&#8220;4.19.4&#8243; _module_preset=&#8220;default&#8220; global_colors_info=&#8220;{}&#8220;]</p>
<h2><strong><span style="font-size: medium;">Berufliche Erfahrung</span></strong></h2>
<p><span style="font-size: medium;"><strong>Seit <span>01.07.2022 </span></strong>Selbstständige <span>Tätigkeit als Psychotherapeutin</span></span><span style="font-size: medium;"><strong><br />2019 &#8211; 2023</strong> <span>Psychiatriezentrum Frauenfeld, Externer Psychiatrischer Dienst, Clienia Littenheid AG</span></span><br /><span style="font-size: medium;"><strong>2021 &#8211; 2022</strong> <span>Delegierte Psychotherapie in der Praxis für Psychiatrie und Psychotherapie proPsych, Kreuzlingen</span></span><br /><span style="font-size: medium;"><strong>2017 – 2019</strong> <span>Privatklinik für Psychiatrie und Psychotherapie, Clienia Littenheid AG, Psychotherapiestation</span></span><br /><span style="font-size: medium;"><strong>2015 – 2017</strong> Privatklinik für Psychiatrie und Psychotherapie, Clienia Littenheid AG, Spezialstation für Traumafolgestörungen</span><br /><span style="font-size: medium;"><strong>2010 – 2015</strong> Perspektive Thurgau, Suchtberatung, Einzel- Paar- und Familientherapie, Behandlung von Menschen mit Traumafolgestörungen</span><br /><span style="font-size: medium;"><strong>2005 – 2010</strong> Soziale Fachstellen Toggenburg, Suchtberatung, Einzel-, Paar- und Familientherapie</span><br /><span style="font-size: medium;"><strong>2004 – 2005</strong> Zentrum für Suchttherapie Start Again, Zürich, Einzel- und Gruppentherapie</span><br /><span style="font-size: medium;"><strong>2001 – 2004</strong> Kantonale Psychiatrische Klinik Wil, Therapiestation für Abhängige illegaler und legaler Suchtmittel</span></p>
<h4><span style="font-size: medium;"></span></h4>
<h4><span style="font-size: medium;"></span></h4>
<h4><span style="font-size: medium;"></span></h4>
<h2><strong><span style="font-size: medium;">Ausbildung</span></strong></h2>
<p><span style="font-size: medium;"><strong>2020</strong> Weiterbildung in Narrativer Expositionstherapie an der Universität Konstanz</span><br /><span style="font-size: medium;"><strong>Seit 2017</strong> Fortlaufende Weiterbildung in Schematherapie am Institut für Schematherapie Ostschweiz und an der Universitären Psychiatrischen Klinik Basel</span><br /><span style="font-size: medium;"><strong>2013 – 2019</strong> Weiterbildung in Eye Movement Desensitization and Reprocessing (EMDR) am EMDR- Institut Schweiz, Schaffhausen</span><br /><span style="font-size: medium;"><strong>2012 – 2014</strong> Weiterbildung zur Fachpsychotherapeutin Psychotraumatologie am Schweizer Institut für Psychotraumatologie (SIPT) in Winterthur</span><br /><span style="font-size: medium;"><strong>2013</strong> Erwerb des Fachtitels Eidgenössisch anerkannte Psychotherapeutin/ Fachpsychologin für Psychotherapie (FSP)</span><br /><span style="font-size: medium;"><strong>2006 &#8211; 2010</strong> Weiterbildung in Systemischer Therapie und Beratung am Institut für systemische Entwicklung und Weiterbildung (IEF) in Zürich</span><br /><span style="font-size: medium;"><strong>2001 – 2003</strong> Dialektisch Behaviorale Therapie der Borderline-Persönlichkeitsstörung nach Marsha Linehan (DBT) bei der Arbeitsgemeinschaft Wissenschaftliche Psychotherapie (AWP), Freiburg in Deutschland</span><br /><span style="font-size: medium;"><strong>1999 – 1999</strong> Weiterbildung in Neurolinguistischem Programmieren (NLP) an der Kom. Akademie in Saarbrücken in Deutschland</span><br /><span style="font-size: medium;"><strong>1994 – 2000</strong> Studium der Psychologie an der Universität Konstanz</span></p>
<p>[/et_pb_text][/et_pb_column][/et_pb_row][/et_pb_section]</p>

<p>SILVIA POHLBerufliche Erfahrung &amp; AusbildungBerufliche Erfahrung Seit 01.07.2022 Selbstständige Tätigkeit als Psychotherapeutin2019 &#8211; 2023 Psychiatriezentrum Frauenfeld, Externer Psychiatrischer Dienst, Clienia Littenheid AG2021 &#8211; 2022 Delegierte Psychotherapie in der Praxis für Psychiatrie und Psychotherapie proPsych, Kreuzlingen2017 – 2019 Privatklinik für Psychiatrie und Psychotherapie, Clienia Littenheid AG, Psychotherapiestation2015 – 2017 Privatklinik für Psychiatrie und Psychotherapie, Clienia Littenheid AG, [&hellip;]</p>
