{"id":71,"date":"2022-10-24T12:37:07","date_gmt":"2022-10-24T12:37:07","guid":{"rendered":"https:\/\/psychotherapiepraxis-kreuzlingen.ch\/?page_id=71"},"modified":"2023-01-02T12:39:11","modified_gmt":"2023-01-02T12:39:11","slug":"notfaelle","status":"publish","type":"page","link":"https:\/\/psychotherapiepraxis-kreuzlingen.ch\/?page_id=71","title":{"rendered":"Notf\u00e4lle"},"content":{"rendered":"<p>[et_pb_section fb_built=&#8220;1&#8243; custom_padding_last_edited=&#8220;on|tablet&#8220; module_class=&#8220;section-2-ps-3&#8243; _builder_version=&#8220;4.18.0&#8243; _module_preset=&#8220;default&#8220; overflow-x=&#8220;hidden&#8220; overflow-y=&#8220;hidden&#8220; custom_margin=&#8220;0px||0px||false|false&#8220; custom_padding=&#8220;80px||0px||false|false&#8220; custom_padding_tablet=&#8220;120px||120px||false|false&#8220; custom_padding_phone=&#8220;90px||90px||false|false&#8220; locked=&#8220;off&#8220; global_colors_info=&#8220;{}&#8220;][et_pb_row column_structure=&#8220;2_3,1_3&#8243; use_custom_gutter=&#8220;on&#8220; gutter_width=&#8220;1&#8243; _builder_version=&#8220;4.18.0&#8243; _module_preset=&#8220;default&#8220; width=&#8220;90%&#8220; max_width=&#8220;1290px&#8220; custom_margin=&#8220;0px||0px||false|false&#8220; custom_padding=&#8220;0px||0px||false|false&#8220; global_colors_info=&#8220;{}&#8220;][et_pb_column type=&#8220;2_3&#8243; _builder_version=&#8220;4.18.0&#8243; _module_preset=&#8220;default&#8220; custom_padding=&#8220;|30px|||false|false&#8220; custom_padding_tablet=&#8220;|0px|||false|false&#8220; custom_padding_phone=&#8220;|0px|||false|false&#8220; custom_padding_last_edited=&#8220;on|tablet&#8220; global_colors_info=&#8220;{}&#8220;][et_pb_text _builder_version=&#8220;4.18.0&#8243; _module_preset=&#8220;default&#8220; header_3_font=&#8220;Manrope|800|||||||&#8220; header_3_text_align=&#8220;left&#8220; header_3_text_color=&#8220;#312b35&#8243; header_3_font_size=&#8220;14px&#8220; header_3_letter_spacing=&#8220;1.8px&#8220; custom_margin=&#8220;0px||8px||false|false&#8220; custom_margin_tablet=&#8220;0px||0px||false|false&#8220; custom_margin_phone=&#8220;0px||0px||false|false&#8220; custom_margin_last_edited=&#8220;off|desktop&#8220; custom_padding=&#8220;0px||0px||false|false&#8220; animation_direction=&#8220;bottom&#8220; global_colors_info=&#8220;{}&#8220;]<\/p>\n<h3>SILVIA POHL<\/h3>\n<p>[\/et_pb_text][et_pb_text _builder_version=&#8220;4.18.0&#8243; _module_preset=&#8220;default&#8220; header_2_font=&#8220;Jost|600|||||||&#8220; header_2_text_align=&#8220;left&#8220; header_2_text_color=&#8220;#312b35&#8243; header_2_font_size=&#8220;53px&#8220; header_2_letter_spacing=&#8220;-1px&#8220; header_2_line_height=&#8220;1.1em&#8220; max_width=&#8220;700px&#8220; custom_margin=&#8220;0px||31px||false|false&#8220; custom_padding=&#8220;0px|0px|0px||false|false&#8220; header_2_font_size_tablet=&#8220;53px&#8220; header_2_font_size_phone=&#8220;30px&#8220; header_2_font_size_last_edited=&#8220;on|phone&#8220; header_2_line_height_tablet=&#8220;1.1em&#8220; header_2_line_height_phone=&#8220;1.2em&#8220; header_2_line_height_last_edited=&#8220;on|phone&#8220; global_colors_info=&#8220;{}&#8220;]<\/p>\n<h2>Notf\u00e4lle<\/h2>\n<p>[\/et_pb_text][\/et_pb_column][et_pb_column type=&#8220;1_3&#8243; _builder_version=&#8220;4.18.0&#8243; _module_preset=&#8220;default&#8220; custom_padding=&#8220;|||30px|false|false&#8220; custom_padding_tablet=&#8220;|||0px|false|false&#8220; custom_padding_phone=&#8220;|||0px|false|false&#8220; custom_padding_last_edited=&#8220;on|tablet&#8220; global_colors_info=&#8220;{}&#8220;][\/et_pb_column][\/et_pb_row][\/et_pb_section][et_pb_section fb_built=&#8220;1&#8243; _builder_version=&#8220;4.18.0&#8243; _module_preset=&#8220;default&#8220; custom_padding=&#8220;2px|||||&#8220; global_colors_info=&#8220;{}&#8220;][et_pb_row _builder_version=&#8220;4.18.0&#8243; _module_preset=&#8220;default&#8220; global_colors_info=&#8220;{}&#8220;][et_pb_column type=&#8220;4_4&#8243; _builder_version=&#8220;4.18.0&#8243; _module_preset=&#8220;default&#8220; global_colors_info=&#8220;{}&#8220;][et_pb_text _builder_version=&#8220;4.18.0&#8243; _module_preset=&#8220;default&#8220; global_colors_info=&#8220;{}&#8220;]<\/p>\n<p><strong>Notf\u00e4lle<\/strong><br \/>In Notf\u00e4llen oder ausserhalb unserer Praxiszeiten wenden Sie sich bitte an folgende Stellen:<br \/>\u2022 Ambulantes Abkl\u00e4rungs- und Aufnahmezentrum (AAZ) bzw.\u2028 Kriseninterventionszentrum (KIZ) der psychiatrischen Klinik M\u00fcnsterlingen:<br \/><strong>Telefon 0848 41 41 41<\/strong><br \/>\u2022 \u00c4rztlich-psychiatrischer Notdienst im Thurgau \u00fcber die Notrufzentrale:<br \/><strong>Telefon 144<\/strong><br \/>\u2022 Die Dargebotene Hand-Sorgentelefon:<br \/><strong>Telefon 143<\/strong><\/p>\n<p>[\/et_pb_text][\/et_pb_column][\/et_pb_row][\/et_pb_section]<\/p>\n","protected":false},"excerpt":{"rendered":"<p>SILVIA POHLNotf\u00e4lleNotf\u00e4lleIn Notf\u00e4llen oder ausserhalb unserer Praxiszeiten wenden Sie sich bitte an folgende Stellen:\u2022 Ambulantes Abkl\u00e4rungs- und Aufnahmezentrum (AAZ) bzw.\u2028 Kriseninterventionszentrum (KIZ) der psychiatrischen Klinik M\u00fcnsterlingen:Telefon 0848 41 41 41\u2022 \u00c4rztlich-psychiatrischer Notdienst im Thurgau \u00fcber die Notrufzentrale:Telefon 144\u2022 Die Dargebotene Hand-Sorgentelefon:Telefon 143<\/p>\n","protected":false},"author":1,"featured_media":0,"parent":0,"menu_order":0,"comment_status":"closed","ping_status":"closed","template":"","meta":{"_et_pb_use_builder":"on","_et_pb_old_content":"","_et_gb_content_width":"","footnotes":""},"class_list":["post-71","page","type-page","status-publish","hentry"],"_links":{"self":[{"href":"https:\/\/psychotherapiepraxis-kreuzlingen.ch\/index.php?rest_route=\/wp\/v2\/pages\/71","targetHints":{"allow":["GET"]}}],"collection":[{"href":"https:\/\/psychotherapiepraxis-kreuzlingen.ch\/index.php?rest_route=\/wp\/v2\/pages"}],"about":[{"href":"https:\/\/psychotherapiepraxis-kreuzlingen.ch\/index.php?rest_route=\/wp\/v2\/types\/page"}],"author":[{"embeddable":true,"href":"https:\/\/psychotherapiepraxis-kreuzlingen.ch\/index.php?rest_route=\/wp\/v2\/users\/1"}],"replies":[{"embeddable":true,"href":"https:\/\/psychotherapiepraxis-kreuzlingen.ch\/index.php?rest_route=%2Fwp%2Fv2%2Fcomments&post=71"}],"version-history":[{"count":9,"href":"https:\/\/psychotherapiepraxis-kreuzlingen.ch\/index.php?rest_route=\/wp\/v2\/pages\/71\/revisions"}],"predecessor-version":[{"id":24453,"href":"https:\/\/psychotherapiepraxis-kreuzlingen.ch\/index.php?rest_route=\/wp\/v2\/pages\/71\/revisions\/24453"}],"wp:attachment":[{"href":"https:\/\/psychotherapiepraxis-kreuzlingen.ch\/index.php?rest_route=%2Fwp%2Fv2%2Fmedia&parent=71"}],"curies":[{"name":"wp","href":"https:\/\/api.w.org\/{rel}","templated":true}]}}

Notfälle

<p>[et_pb_section fb_built=&#8220;1&#8243; custom_padding_last_edited=&#8220;on|tablet&#8220; module_class=&#8220;section-2-ps-3&#8243; _builder_version=&#8220;4.18.0&#8243; _module_preset=&#8220;default&#8220; overflow-x=&#8220;hidden&#8220; overflow-y=&#8220;hidden&#8220; custom_margin=&#8220;0px||0px||false|false&#8220; custom_padding=&#8220;80px||0px||false|false&#8220; custom_padding_tablet=&#8220;120px||120px||false|false&#8220; custom_padding_phone=&#8220;90px||90px||false|false&#8220; locked=&#8220;off&#8220; global_colors_info=&#8220;{}&#8220;][et_pb_row column_structure=&#8220;2_3,1_3&#8243; use_custom_gutter=&#8220;on&#8220; gutter_width=&#8220;1&#8243; _builder_version=&#8220;4.18.0&#8243; _module_preset=&#8220;default&#8220; width=&#8220;90%&#8220; max_width=&#8220;1290px&#8220; custom_margin=&#8220;0px||0px||false|false&#8220; custom_padding=&#8220;0px||0px||false|false&#8220; global_colors_info=&#8220;{}&#8220;][et_pb_column type=&#8220;2_3&#8243; _builder_version=&#8220;4.18.0&#8243; _module_preset=&#8220;default&#8220; custom_padding=&#8220;|30px|||false|false&#8220; custom_padding_tablet=&#8220;|0px|||false|false&#8220; custom_padding_phone=&#8220;|0px|||false|false&#8220; custom_padding_last_edited=&#8220;on|tablet&#8220; global_colors_info=&#8220;{}&#8220;][et_pb_text _builder_version=&#8220;4.18.0&#8243; _module_preset=&#8220;default&#8220; header_3_font=&#8220;Manrope|800|||||||&#8220; header_3_text_align=&#8220;left&#8220; header_3_text_color=&#8220;#312b35&#8243; header_3_font_size=&#8220;14px&#8220; header_3_letter_spacing=&#8220;1.8px&#8220; custom_margin=&#8220;0px||8px||false|false&#8220; custom_margin_tablet=&#8220;0px||0px||false|false&#8220; custom_margin_phone=&#8220;0px||0px||false|false&#8220; custom_margin_last_edited=&#8220;off|desktop&#8220; custom_padding=&#8220;0px||0px||false|false&#8220; animation_direction=&#8220;bottom&#8220; global_colors_info=&#8220;{}&#8220;]</p>
<h3>SILVIA POHL</h3>
<p>[/et_pb_text][et_pb_text _builder_version=&#8220;4.18.0&#8243; _module_preset=&#8220;default&#8220; header_2_font=&#8220;Jost|600|||||||&#8220; header_2_text_align=&#8220;left&#8220; header_2_text_color=&#8220;#312b35&#8243; header_2_font_size=&#8220;53px&#8220; header_2_letter_spacing=&#8220;-1px&#8220; header_2_line_height=&#8220;1.1em&#8220; max_width=&#8220;700px&#8220; custom_margin=&#8220;0px||31px||false|false&#8220; custom_padding=&#8220;0px|0px|0px||false|false&#8220; header_2_font_size_tablet=&#8220;53px&#8220; header_2_font_size_phone=&#8220;30px&#8220; header_2_font_size_last_edited=&#8220;on|phone&#8220; header_2_line_height_tablet=&#8220;1.1em&#8220; header_2_line_height_phone=&#8220;1.2em&#8220; header_2_line_height_last_edited=&#8220;on|phone&#8220; global_colors_info=&#8220;{}&#8220;]</p>
<h2>Notfälle</h2>
<p>[/et_pb_text][/et_pb_column][et_pb_column type=&#8220;1_3&#8243; _builder_version=&#8220;4.18.0&#8243; _module_preset=&#8220;default&#8220; custom_padding=&#8220;|||30px|false|false&#8220; custom_padding_tablet=&#8220;|||0px|false|false&#8220; custom_padding_phone=&#8220;|||0px|false|false&#8220; custom_padding_last_edited=&#8220;on|tablet&#8220; global_colors_info=&#8220;{}&#8220;][/et_pb_column][/et_pb_row][/et_pb_section][et_pb_section fb_built=&#8220;1&#8243; _builder_version=&#8220;4.18.0&#8243; _module_preset=&#8220;default&#8220; custom_padding=&#8220;2px|||||&#8220; global_colors_info=&#8220;{}&#8220;][et_pb_row _builder_version=&#8220;4.18.0&#8243; _module_preset=&#8220;default&#8220; global_colors_info=&#8220;{}&#8220;][et_pb_column type=&#8220;4_4&#8243; _builder_version=&#8220;4.18.0&#8243; _module_preset=&#8220;default&#8220; global_colors_info=&#8220;{}&#8220;][et_pb_text _builder_version=&#8220;4.18.0&#8243; _module_preset=&#8220;default&#8220; global_colors_info=&#8220;{}&#8220;]</p>
<p><strong>Notfälle</strong><br />In Notfällen oder ausserhalb unserer Praxiszeiten wenden Sie sich bitte an folgende Stellen:<br />• Ambulantes Abklärungs- und Aufnahmezentrum (AAZ) bzw.  Kriseninterventionszentrum (KIZ) der psychiatrischen Klinik Münsterlingen:<br /><strong>Telefon 0848 41 41 41</strong><br />• Ärztlich-psychiatrischer Notdienst im Thurgau über die Notrufzentrale:<br /><strong>Telefon 144</strong><br />• Die Dargebotene Hand-Sorgentelefon:<br /><strong>Telefon 143</strong></p>
<p>[/et_pb_text][/et_pb_column][/et_pb_row][/et_pb_section]</p>

<p>SILVIA POHLNotfälleNotfälleIn Notfällen oder ausserhalb unserer Praxiszeiten wenden Sie sich bitte an folgende Stellen:• Ambulantes Abklärungs- und Aufnahmezentrum (AAZ) bzw.  Kriseninterventionszentrum (KIZ) der psychiatrischen Klinik Münsterlingen:Telefon 0848 41 41 41• Ärztlich-psychiatrischer Notdienst im Thurgau über die Notrufzentrale:Telefon 144• Die Dargebotene Hand-Sorgentelefon:Telefon 143</p>
